d 84?
12
Let w(x) = -x**3 - 20*x**2 + 20*x - 9. Let h be w(-21). Let r = h + -6. Calculate the greatest common divisor of 6 and r.
6
Let u = 87 - 75. What is the greatest common factor of 84 and u?
12
Suppose -h + 2*h = 1. Let x be (h/3)/((-13)/(-663)). What is the greatest common divisor of x and 17?
17
Suppose -4 = 5*s + 1. Let o be s/(-2) - (-142)/4. Let i be ((-18)/(-21))/(15/1575). What is the highest common factor of o and i?
18
Let k = -316 - -751. Calculate the highest common divisor of k and 15.
15
Let t = 9 - 20. Let x = -41 + t. Let u = x - -76. What is the highest common factor of u and 6?
6
Suppose 3240 = 21*n + 972. Calculate the greatest common divisor of 28 and n.
4
Let i = -113 - -211. Suppose -5*o + 4*y + 136 = -o, -i = -3*o + y. Suppose -103 - o = -5*g. Calculate the greatest common factor of 3 and g.
3
Suppose -s - s = 3*p - 27, 4*p = 2*s + 22. Calculate the highest common divisor of p and 511.
7
Let k(x) = 3*x - 27. Let r be k(13). Let s be (-12)/9 - (-220)/r. Suppose -5*z + 748 = -z. What is the greatest common factor of z and s?
17
Suppose 3*g - 4*g = -j - 2, -5*g = 4*j - 19. Suppose j = 2*c - 7. Let u be (-82)/(-4) - c/8. What is the highest common factor of 5 and u?
5
Let i = 8 - 3. Let b be -30*4*2/(-24). What is the greatest common divisor of b and i?
5
Let z(y) = 11 - 35 - y**3 + 5*y + 19 + 2*y**3 - y**2. Let d be z(4). Let m(v) = 9*v**2 - v - 1. Let s be m(-1). Calculate the greatest common factor of d and s.
9
Let s(v) = v**3 + 20*v**2 + 19*v + 22. Let l be s(-19). Let b = -2 + l. Let o be (3 + 0)/((-6)/(-20)). Calculate the greatest common divisor of b and o.
10
Suppose 5*g - 4*g - 3 = 0, -i + 23 = 4*g. Let j be ((-88)/(-6))/((-4)/(-24)). What is the highest common factor of j and i?
11
Suppose 2*j - 4*g - 124 = 0, 4*g - 36 = -2*j + 96. Let w = 1049 + -953. What is the greatest common divisor of w and j?
32
Let q = -157 + 333. Calculate the greatest common divisor of q and 11.
11
Suppose -2189*p - 3146 = -2202*p. What is the greatest common factor of 352 and p?
22
Let y(c) = 143*c**2 - 11*c - 20. Let a be y(-2). What is the highest common divisor of 28 and a?
14
Let b(f) = -f**3 + 6*f**2 + 23*f - 29. Let k be b(8). Suppose r = -2*p + 378, 0 = -3*r + 4*r. What is the greatest common factor of p and k?
27
Let a be -60*(6/(-5))/1. Let u = 33 - 56. Let p = u + 31. Calculate the greatest common divisor of a and p.
8
Let t = -82 - -112. What is the highest common divisor of 480 and t?
30
Let c(i) = 8*i + 2. Let v be c(1). What is the greatest common factor of 290 and v?
10
Let r = 40 - 14. Suppose u - 2*n - 5 = 0, 13 = 3*u + 2*u - 4*n. Let c be r/2 - -3 - u. What is the highest common divisor of c and 30?
15
Let g(h) = -h**3 - 2*h**2 - 4*h - 3. Let s be g(-3). Let q = 95 - s. What is the greatest common factor of q and 7?
7
Let l(m) = -8*m - 1. Let p be l(-1). Suppose -3*c + 5*a = -43, 3*c - 4*a + 33 = 77. Suppose -3*o + 26 = -c. Calculate the greatest common divisor of p and o.
7
Let w be (-1 - 0)/(3/(-6)). Suppose -k = -w*k + 3. Let h = k + -1. Calculate the highest common divisor of h and 1.
1
Let l = -148 + 244. Let c(t) = 2*t**3 - 38*t**2 + 12. Let m be c(19). Calculate the highest common factor of m and l.
12
Suppose 0 = -5*r + 25, -r + 5 - 1 = -m. Suppose 2*b = 41 - m. What is the greatest common factor of 4 and b?
4
Let n = 6740 + -6730. Let j(t) = t**3 - 7*t**2 + 7*t + 7. Let o be j(6). Suppose r - 7 = o. Calculate the highest common factor of r and n.
10
Suppose -5*i + 80 + 425 = 5*c, 2*i + c - 203 = 0. Let w = -238 - -272. What is the highest common divisor of w and i?
34
Let r = -9 - -5. Let k be 0 + (60/3 - r). Calculate the greatest common divisor of 60 and k.
12
Suppose -3*q - w = -2*q - 123, -4*q + 498 = 2*w. Let a(f) = -39*f - 1281. Let l be a(-35). What is the greatest common divisor of q and l?
42
Suppose 0 = 4*l - 6113 + 537. Calculate the greatest common factor of l and 82.
82
Let f(l) = -l**3 - 6*l**2. Let p be f(-6). Let h be -2 - (-4 + p + -1). Let g = -8534 + 8558. Calculate the greatest common divisor of g and h.
3
Suppose -586 + 1746 = 29*x. Calculate the highest common factor of x and 24.
8
Suppose -3*j + 4 = j. Suppose 5*m - 4 - 11 = 0. Suppose -3*r = -m*h - 33, -4*h - 11 = -r + h. Calculate the greatest common factor of j and r.
1
Suppose 0 = -3*m + 3*i + 18, 27 = 4*m - 10*i + 5*i. What is the greatest common factor of m and 33?
3
Suppose 1953*i - 1948*i - 540 = 0. What is the highest common factor of i and 162?
54
Suppose -3*q = 4*q + 707. Let g = 31 - q. What is the highest common factor of 12 and g?
12
Let l be (0*2/10)/(-2). Suppose l = 2*g - 4*y - 6 - 0, -3*g - 3*y = -27. Calculate the greatest common factor of g and 63.
7
Let v be 204/2 - (-10 + (-11 - -15)). Calculate the greatest common divisor of 738 and v.
18
Let s = -40 + 211. What is the greatest common factor of 95 and s?
19
Suppose 15*u - 75 = -0*u. Calculate the greatest common divisor of 70 and u.
5
Suppose 20 = 5*b + 5*y, -4*b + y = -4*y + 2. Suppose -b*w + 6 = l, -2*w + w = -l. Suppose 0 = -9*j - j + 220. Calculate the highest common factor of j and l.
2
Let t(h) = -5*h + 65. Let w be t(12). Suppose -z + 23 + 3 = 5*r, 15 = 2*r + w*z. Let l be (44/(-6))/((-4)/30). Calculate the highest common factor of l and r.
5
Let t(i) = -i**3 - 29*i**2 - 26*i + 99. Let c be t(-28). Let p(g) = 2*g**3 + 3*g**2 - g. Let u be p(4). Calculate the greatest common factor of c and u.
43
Suppose 2 = -5*h - 3. Let z be (-4 - h - -35) + -2. What is the highest common divisor of z and 30?
30
Let u(k) = 2*k**2 + 8*k - 10. Let v be 5/(10/(-16)) + 1. Let s be u(v). Calculate the greatest common divisor of 352 and s.
32
Suppose 4*v = -2*x + 381 + 13, 3*v - 3*x = 309. Suppose -3 = f, -4*t - 80 = 5*f - f. Let k = 27 + t. What is the greatest common factor of v and k?
10
Suppose r + 0*o + 3 = -2*o, -o = 5*r - 12. Let i = -12 + 24. Calculate the highest common divisor of r and i.
3
Let n = 347 + -236. Let j = -87 + n. What is the highest common factor of j and 60?
12
Suppose 0 = 10172*c - 10164*c - 11736. What is the highest common factor of c and 9?
9
Let s be (9120/(-192))/((-1)/2). Calculate the highest common divisor of s and 456.
19
Let d(i) = -4*i + 14. Let q be d(-7). Let t = 1 - -2. Suppose -t*l + l = -12. Calculate the greatest common factor of q and l.
6
Let x = 315 - 96. Suppose 0*f + 2*j + 222 = 4*f, 5*j + x = 4*f. Calculate the highest common factor of 14 and f.
14
Let g be 80/36 - (-2)/(-9). Suppose -3*a - g*y + 30 = 0, 3*y + 50 = 6*a - a. Let h be (-7 - -1)*22/44 - -13. Calculate the highest common divisor of a and h.
10
Suppose -557 = -3*k - y, -k + y + 216 = 29. Let r = 201 - k. Let d be 18/1*(-10)/(-3). Calculate the highest common factor of r and d.
15
Let f be (-10 - (-169)/13)*70/6. Calculate the highest common factor of f and 21.
7
Let l(y) = 3*y - 14. Let z = -14 + 26. Let w be l(z). Suppose p = -0*p + w. What is the greatest common factor of 55 and p?
11
Suppose 274 = 3*u + 22. What is the greatest common factor of u and 273?
21
Let k(p) = -105*p - 5. Let d be k(-3). Suppose l = 5*s - 171 - 566, 2*s - 311 = -5*l. Let w = d - s. Calculate the greatest common divisor of 18 and w.
18
Let w = 15 - 11. Suppose b - 2*l + 3 = w, b - 13 = -4*l. What is the highest common factor of 2 and b?
1
Let l be (-9)/2*(-2)/3. Let h(a) = 8 + a + l*a**3 + 4*a - 6 - 15*a**3. Let s be h(-2). Calculate the greatest common factor of 11 and s.
11
Let h be 0 + (-9)/1 + 351. Calculate the highest common factor of 1254 and h.
114
Let x(i) be the third derivative of 7*i**5/10 - i**4/24 - i**3/6 + 17*i**2. Let z be x(1). What is the highest common factor of z and 160?
40
Let z = 9 + 8. Let p = 4 - z. Let k = p + 19. Calculate the greatest common factor of 3 and k.
3
Let x(b) = -36*b - 264. Let p be x(-9). What is the highest common factor of 108 and p?
12
Suppose -18 = -2*t - 4*b, -3*b + 0*b = 0. What is the highest common factor of 1 and t?
1
Let q(n) = -13*n**3 + 1. Let d be q(-1). Suppose 9*y - 3*y + 354 = 0. Let i = y - -66. What is the greatest common factor of i and d?
7
Suppose 0 = -5*i - 4*c + 81, i - c - 3*c = 21. What is the greatest common divisor of i and 17?
17
Let o be (-264)/(-26) - (-18)/(-117). Suppose -c + 2 = -3, f - 5*c = 55. What is the